s digit of 9646?
6
What is the units digit of 1052?
2
What is the tens digit of 344?
4
What is the hundreds digit of 3850?
8
What is the hundreds digit of 44470?
4
What is the ten thousands digit of 12618?
1
What is the units digit of 109646?
6
What is the thousands digit of 3459?
3
What is the hundreds digit of 5209?
2
What is the tens digit of 26027?
2
What is the thousands digit of 9828?
9
What is the ten thousands digit of 10502?
1
What is the tens digit of 10930?
3
What is the units digit of 2528?
8
What is the hundreds digit of 77113?
1
What is the tens digit of 3133?
3
What is the units digit of 43801?
1
What is the tens digit of 1019?
1
What is the tens digit of 6645?
4
What is the thousands digit of 57918?
7
What is the thousands digit of 6143?
6
What is the units digit of 307?
7
What is the tens digit of 1891?
9
What is the hundreds digit of 857?
8
What is the units digit of 380?
0
What is the thousands digit of 1014?
1
What is the hundreds digit of 757?
7
What is the tens digit of 523?
2
What is the tens digit of 16038?
3
What is the units digit of 56253?
3
What is the hundreds digit of 11389?
3
What is the units digit of 13683?
3
What is the hundreds digit of 997?
9
What is the hundreds digit of 1757?
7
What is the hundreds digit of 4484?
4
What is the thousands digit of 1291?
1
What is the hundreds digit of 2988?
9
What is the units digit of 5989?
9
What is the tens digit of 964?
6
What is the hundreds digit of 4894?
8
What is the thousands digit of 1355?
1
What is the tens digit of 3161?
6
What is the hundreds digit of 32351?
3
What is the thousands digit of 83206?
3
What is the tens digit of 35532?
3
What is the units digit of 353?
3
What is the hundred thousands digit of 118659?
1
What is the thousands digit of 8411?
8
What is the thousands digit of 48261?
8
What is the hundreds digit of 42387?
3
What is the units digit of 31600?
0
What is the hundreds digit of 19254?
2
What is the tens digit of 284?
8
What is the tens digit of 11034?
3
What is the units digit of 4092?
2
What is the units digit of 24492?
2
What is the units digit of 857?
7
What is the hundreds digit of 94475?
4
What is the hundreds digit of 1103?
1
What is the units digit of 11644?
4
What is the hundred thousands digit of 104522?
1
What is the units digit of 2604?
4
What is the units digit of 15726?
6
What is the ten thousands digit of 93375?
9
What is the units digit of 16178?
8
What is the units digit of 89?
9
What is the thousands digit of 1134?
1
What is the tens digit of 10311?
1
What is the units digit of 104?
4
What is the units digit of 7?
7
What is the units digit of 13354?
4
What is the hundreds digit of 4120?
1
What is the units digit of 6467?
7
What is the tens digit of 693?
9
What is the thousands digit of 2418?
2
What is the units digit of 16962?
2
What is the tens digit of 1129?
2
What is the tens digit of 681?
8
What is the units digit of 37791?
1
What is the thousands digit of 60516?
0
What is the hundreds digit of 226?
2
What is the hundreds digit of 2122?
1
What is the units digit of 762?
2
What is the thousands digit of 3333?
3
What is the thousands digit of 5844?
5
What is the hundreds digit of 2221?
2
What is the hundreds digit of 780?
7
What is the units digit of 179141?
1
What is the ten thousands digit of 36336?
3
What is the thousands digit of 3056?
3
What is the tens digit of 380?
8
What is the hundreds digit of 7406?
4
What is the units digit of 91?
1
What is the hundreds digit of 831?
8
What is the units digit of 2927?
7
What is the thousands digit of 120869?
0
What is the units digit of 1858?
8
What is the units digit of 4478?
8
What is the hundreds digit of 13527?
5
What is the tens digit of 113442?
4
What is the units digit of 59?
9
What is the tens digit of 3080?
8
What is the units digit of 315?
5
What is the thousands digit of 5860?
5
What is the units digit of 613?
3
What is the tens digit of 2006?
0
What is the ten thousands digit of 119958?
1
What is the tens digit of 1017?
1
What is the hundred thousands digit of 132900?
1
What is the units digit of 32038?
8
What is the hundreds digit of 1390?
3
What is the units digit of 2814?
4
What is the hundreds digit of 34310?
3
What is the units digit of 37536?
6
What is the units digit of 4991?
1
What is the units digit of 11944?
4
What is the hundred thousands digit of 128372?
1
What is the hundreds digit of 10288?
2
What is the tens digit of 117330?
3
What is the thousands digit of 17577?
7
What is the hundreds digit of 4454?
4
What is the thousands digit of 1904?
1
What is the thousands digit of 18204?
8
What is the thousands digit of 5899?
5
What is the hundreds digit of 66380?
3
What is the units digit of 116948?
8
What is the tens digit of 4648?
4
What is the thousands digit of 2848?
2
What is the units digit of 105034?
4
What is the hundreds digit of 15275?
2
What is the tens digit of 4587?
8
What is the units digit of 43071?
1
What is the units digit of 8933?
3
What is the thousands digit of 8106?
8
What is the units digit of 9444?
4
What is the units digit of 906?
6
What is the units digit of 769?
9
What is the units digit of 1313?
3
What is the tens digit of 4586?
8
What is the units digit of 1328?
8
What is the tens digit of 43805?
0
What is the units digit of 1468?
8
What is the hundreds digit of 9723?
7
What is the tens digit of 83154?
5
What is the units digit of 890?
0
What is the tens digit of 73658?
5
What is the tens digit of 2850?
5
What is the units digit of 42507?
7
What is the hundreds digit of 1818?
8
What is the hundred thousands digit of 103515?
1
What is the tens digit of 625?
2
What is the hundreds digit of 328?
3
What is the units digit of 1605?
5
What is the thousands digit of 4278?
4
What is the tens digit of 2327?
2
What is the thousands digit of 3329?
3
What is the units digit of 80993?
3
What is the thousands digit of 78670?
8
What is the tens digit of 4666?
6
What is the thousands digit of 10710?
0
What is the tens digit of 918?
1
What is the units digit of 21255?
5
What is the tens digit of 1807?
0
What is the units digit of 466?
6
What is the thousands digit of 8087?
8
What is the tens digit of 24304?
0
What is the tens digit of 493?
9
What is the tens digit of 554?
5
What is the hundreds digit of 4584?
5
What is the tens digit of 1606?
0
What is the thousands digit of 1326?
1
What is the units digit of 5309?
9
What is the units digit of 3495?
5
What is the tens digit of 2014?
1
What is the units digit of 32757?
7
What is the thousands digit of 29138?
9
What is the tens digit of 639?
3
What is the tens digit of 9387?
8
What is the thousands digit of 26842?
6
What is the tens digit of 20003?
0
What is the units digit of 3850?
0
What is the hundreds digit of 12731?
7
What is the hundreds digit of 3609?
6
What is the units digit of 32551?
1
What is the tens digit of 13687?
8
What is the thousands digit of 10801?
0
What is the hundreds digit of 16181?
1
What is the tens digit of 7138?
3
What is the hundreds digit of 6222?
2
What is the tens digit of 21997?
9
What is the thousands digit of 3681?
3
What is the thousands digit of 5193?
5
What is the units digit of 2146?
6
What is the thousands digit of 6670?
6
What is the thousands digit of 116172?
6
What is the units digit of 20758?
8
What is the thousands digit of 1253?
1
What is the tens digit of 94499?
9
What is the hundreds digit of 82009?
0
What is the units digit of 28506?
6
What is the hundreds digit of 3435?
4
What is the tens digit of 2114?
1
What is the tens digit of 799?
9
What is the units digit of 797?
7
What is the hundreds digit of 4775?
7
What is the hundreds digit of 147294?
2
What is the thousands digit of 3647?
3
What is the ten thousands digit of 53783?
5
What is the tens digit of 629?
2
What is the tens digit of 9932?
3
What is the ten thousands digit of 70951?
7
What is the thousands digit of 21812?
1
What is the units digit of 2408?
8
What is the ten thousands digit of 16555?
1
What is the ten thousands digit of 13433?
1
What is the hundred thousands digit of 103460?
1
What is the tens digit of 4377?
7
What is the ten thousands digit of 49717?
4
What is the thousands digit of 30602?
0
What is the tens digit of 939?
3
What is the tens digit of 1973?
7
What is the ten thousand